{"id":128,"date":"2023-08-15T15:54:13","date_gmt":"2023-08-15T15:54:13","guid":{"rendered":"https:\/\/aic.org.br\/aiclab\/?page_id=128"},"modified":"2024-09-23T14:59:12","modified_gmt":"2024-09-23T14:59:12","slug":"projetos","status":"publish","type":"page","link":"https:\/\/aic.org.br\/aiclab\/projetos\/","title":{"rendered":"Projetos"},"content":{"rendered":"<section class=\"l-section wpb_row height_small width_custom\" style=\"--site-content-width:1024px;\"><div class=\"l-section-h i-cf\"><div class=\"g-cols vc_row via_flex valign_top type_default stacking_default\"><div class=\"vc_col-sm-12 wpb_column vc_column_container\"><div class=\"vc_column-inner\"><div class=\"wpb_wrapper\"><div class=\"wpb_text_column us_custom_535ec10f us_animate_this\"><div class=\"wpb_wrapper\"><p>Nosso trabalho \u00e9 realizado por meio de <strong>atendimentos<\/strong> de demandas que nos chegam atrav\u00e9s de grupos e coletivos e da realiza\u00e7\u00e3o de <strong>projetos<\/strong> captados junto a parceiros, que possuem data de in\u00edcio e fim, com metas e objetivos espec\u00edficos que dialogam com nosso objeto de trabalho.<\/p>\n<\/div><\/div><\/div><\/div><\/div><\/div><\/div><\/section><section class=\"l-section wpb_row height_large\"><div class=\"l-section-h i-cf\"><div class=\"g-cols vc_row via_flex valign_top type_default stacking_default\"><div class=\"vc_col-sm-12 wpb_column vc_column_container\"><div class=\"vc_column-inner\"><div class=\"wpb_wrapper\"><div class=\"g-cols wpb_row via_flex valign_middle type_default stacking_default\"><div class=\"vc_col-sm-5 wpb_column vc_column_container\"><div class=\"vc_column-inner\"><div class=\"wpb_wrapper\"><h2 class=\"w-text us_custom_860e408c us_animate_this\"><span url class=\"w-text-h\"><span class=\"w-text-value\">Atendimentos<\/span><\/span><\/h2><div class=\"wpb_text_column us_custom_f70d789f us_animate_this\"><div class=\"wpb_wrapper\"><p>Colocar no mundo a voz das causas que defendemos \u00e9 um desafio para a vida toda, n\u00e9? Por isso, nossos atendimentos em comunica\u00e7\u00e3o e desenvolvimento institucional acontecem de forma permanente aqui no AIC Lab. A qualquer momento, recebemos demandas de grupos e entidades da sociedade civil interessados no apoio que o AIC Lab pode oferecer em design, comunica\u00e7\u00e3o e mobiliza\u00e7\u00e3o social, articula\u00e7\u00e3o ou desenvolvimento institucional. N\u00f3s acolhemos a demanda e ela segue pra uma fila onde administramos os pedidos. Os atendimentos, que s\u00e3o feitos de forma gratuita, s\u00e3o realizados na medida da disponibilidade da equipe, que aciona o grupo no momento que podemos iniciar o atendimento.<\/p>\n<h3>S\u00e3o atendimentos que realizamos:<\/h3>\n<p>Em <strong>design, comunica\u00e7\u00e3o e mobiliza\u00e7\u00e3o social<\/strong> &#8211; produ\u00e7\u00e3o de diagn\u00f3sticos e planos de comunica\u00e7\u00e3o, produ\u00e7\u00e3o de pe\u00e7as gr\u00e1ficas, v\u00eddeos, identidades visuais, apoio na cria\u00e7\u00e3o e divulga\u00e7\u00e3o de campanhas.<\/p>\n<p>Em <strong>desenvolvimento institucional<\/strong> \u2013 apoio em escrita e submiss\u00e3o de projetos, apoio na juntada de documentos para submiss\u00e3o em editais, planejamento em mobiliza\u00e7\u00e3o de recursos, apoio para a formaliza\u00e7\u00e3o de entidades.<\/p>\n<p>Os atendimentos podem ser realizados de forma presencial, em Belo Horizonte e Regi\u00e3o Metropolitana, ou \u00e0 dist\u00e2ncia, a depender da disponibilidade do grupo e da nossa equipe. <strong>Nos dois casos, o grupo n\u00e3o precisa pagar pelos nossos servi\u00e7os.<\/strong><\/p>\n<\/div><\/div><\/div><\/div><\/div><div class=\"vc_col-sm-7 wpb_column vc_column_container\"><div class=\"vc_column-inner\"><div class=\"wpb_wrapper\"><div class=\"w-image us_custom_1fb8b2dc us_animate_this align_center\"><div url class=\"w-image-h\"><img loading=\"lazy\" decoding=\"async\" width=\"728\" height=\"921\" src=\"https:\/\/aic.org.br\/aiclab\/wp-content\/uploads\/2023\/10\/atendimentos.jpg\" class=\"attachment-full size-full\" alt=\"\" srcset=\"https:\/\/aic.org.br\/aiclab\/wp-content\/uploads\/2023\/10\/atendimentos.jpg 728w, https:\/\/aic.org.br\/aiclab\/wp-content\/uploads\/2023\/10\/atendimentos-237x300.jpg 237w, https:\/\/aic.org.br\/aiclab\/wp-content\/uploads\/2023\/10\/atendimentos-600x759.jpg 600w\" sizes=\"auto, (max-width: 728px) 100vw, 728px\" \/><\/div><\/div><\/div><\/div><\/div><\/div><div class=\"w-separator size_medium\"><\/div><div class=\"w-vwrapper us_custom_5a8c07b2 centralize us_animate_this align_center valign_top\" style=\"--vwrapper-gap:20px\"><div class=\"wpb_text_column us_custom_eb849559 custom-strong\"><div class=\"wpb_wrapper\"><h3>Est\u00e1 com alguma dessas demandas acima e quer trocar uma ideia com a gente para saber sobre a fila?<\/h3>\n<\/div><\/div><div class=\"wpb_text_column us_custom_9e9afdd7 custom-strong\"><div class=\"wpb_wrapper\"><p>Chame a gente no Whatsapp <a href=\"https:\/\/wa.me\/5531984903375\" target=\"_blank\" rel=\"noopener\">(31) 98490-3375<\/a>\u00a0 ou no e-mail <a href=\"mailto:aiclab@projetos.aic.org.br\" target=\"_blank\" rel=\"noopener\">aiclab@projetos.aic.org.br<\/a><\/p>\n<\/div><\/div><\/div><\/div><\/div><\/div><\/div><\/div><\/section><section class=\"l-section wpb_row height_large width_full with_shape\"><div class=\"l-section-overlay\" style=\"background:var(--color-alt-content-bg-alt)\"><\/div><div class=\"l-section-shape type_tilt pos_top\" style=\"height:5vmin;\"><svg xmlns=\"http:\/\/www.w3.org\/2000\/svg\" viewBox=\"0 0 64 8\" preserveAspectRatio=\"none\" width=\"100%\" height=\"100%\">\r\n\t<path fill=\"currentColor\" d=\"M64 7.9 L64 10 L0 10 L0 0 Z\"\/>\r\n<\/svg><\/div><div class=\"l-section-shape type_tilt pos_bottom\" style=\"height:5vmin;\"><svg xmlns=\"http:\/\/www.w3.org\/2000\/svg\" viewBox=\"0 0 64 8\" preserveAspectRatio=\"none\" width=\"100%\" height=\"100%\">\r\n\t<path fill=\"currentColor\" d=\"M64 7.9 L64 10 L0 10 L0 0 Z\"\/>\r\n<\/svg><\/div><div class=\"l-section-h i-cf\"><div class=\"g-cols vc_row via_flex valign_top type_default stacking_default\"><div class=\"vc_col-sm-12 wpb_column vc_column_container\"><div class=\"vc_column-inner\"><div class=\"wpb_wrapper\"><div class=\"w-separator size_small\"><\/div><div class=\"g-cols wpb_row via_flex valign_middle type_default stacking_default\"><div class=\"vc_col-sm-2 wpb_column vc_column_container\"><div class=\"vc_column-inner\"><div class=\"wpb_wrapper\"><div class=\"w-image rotate-on-scroll hide_on_mobiles align_center\"><div url class=\"w-image-h\"><img loading=\"lazy\" decoding=\"async\" width=\"500\" height=\"347\" src=\"https:\/\/aic.org.br\/aiclab\/wp-content\/uploads\/2023\/09\/shape-3.png\" class=\"attachment-full size-full\" alt=\"\" srcset=\"https:\/\/aic.org.br\/aiclab\/wp-content\/uploads\/2023\/09\/shape-3.png 500w, https:\/\/aic.org.br\/aiclab\/wp-content\/uploads\/2023\/09\/shape-3-300x208.png 300w\" sizes=\"auto, (max-width: 500px) 100vw, 500px\" \/><\/div><\/div><\/div><\/div><\/div><div class=\"vc_col-sm-8 wpb_column vc_column_container\"><div class=\"vc_column-inner\"><div class=\"wpb_wrapper\"><div class=\"wpb_text_column us_custom_69594187 rotate us_animate_this\"><div class=\"wpb_wrapper\"><h2>Projetos recentes<\/h2>\n<\/div><\/div><div class=\"w-separator size_small\"><\/div><div class=\"w-grid type_grid layout_274 portfolio-grid-1 cols_3 overflow_hidden with_css_animation\" id=\"us_grid_1\" style=\"--gap:20px;\" data-filterable=\"true\"><style>@media (max-width:1024px){#us_grid_1 .w-grid-item{width:50%}}@media (max-width:600px){#us_grid_1 .w-grid-list{margin:0}#us_grid_1 .w-grid-item{width:100%;padding:0;margin-bottom:var(--gap,0px)}}.layout_274 .w-grid-item-h{background:#ffffff;color:#4f5459;box-shadow:0 0rem 0rem rgba(0,0,0,0.1),0 0rem 0rem rgba(0,0,0,0.1);transition-duration:0.3s}.no-touch .layout_274 .w-grid-item-h:hover{box-shadow:0 0.24rem 0.48rem rgba(0,0,0,0.1),0 0.8rem 2.4rem rgba(0,0,0,0.15);z-index:4}.layout_274 .usg_vwrapper_1{padding:5% 10% 8% 10%!important}.layout_274 .usg_btn_1{margin-top:10px!important}.layout_274 .usg_post_title_1{font-size:30px!important;line-height:1.3!important;margin-bottom:5px!important}@media (max-width:600px){.layout_274 .usg_btn_1{font-size:18px!important}}<\/style><div class=\"w-grid-list\">\t<article class=\"w-grid-item us_animate_afb post-7633 us_portfolio type-us_portfolio status-publish has-post-thumbnail hentry us_portfolio_category-projetos-recentes\" data-id=\"7633\" style=\"animation-delay:0s\">\r\n\t\t<div class=\"w-grid-item-h\">\r\n\t\t\t\t\t\t<div class=\"w-post-elm post_image usg_post_image_1 has_ratio\"><div style=\"padding-bottom:100%\"><\/div><a href=\"https:\/\/aic.org.br\/aiclab\/projetos\/afrolab-fortalecimento-de-coletivos-culturais-negros\/\" aria-label=\"AfroLab &#8211; fortalecimento de coletivos culturais negros\"><img loading=\"lazy\" decoding=\"async\" width=\"400\" height=\"400\" src=\"https:\/\/aic.org.br\/aiclab\/wp-content\/uploads\/2025\/12\/capa-zap.png\" class=\"attachment-full size-full wp-post-image\" alt=\"\" srcset=\"https:\/\/aic.org.br\/aiclab\/wp-content\/uploads\/2025\/12\/capa-zap.png 400w, https:\/\/aic.org.br\/aiclab\/wp-content\/uploads\/2025\/12\/capa-zap-300x300.png 300w, https:\/\/aic.org.br\/aiclab\/wp-content\/uploads\/2025\/12\/capa-zap-150x150.png 150w\" sizes=\"auto, (max-width: 400px) 100vw, 400px\" \/><\/a><\/div><div class=\"w-vwrapper usg_vwrapper_1 align_left valign_top\"><h2 class=\"w-post-elm post_title usg_post_title_1 entry-title color_link_inherit\"><a href=\"https:\/\/aic.org.br\/aiclab\/projetos\/afrolab-fortalecimento-de-coletivos-culturais-negros\/\">AfroLab &#8211; fortalecimento de coletivos culturais negros<\/a><\/h2><div class=\"w-post-elm post_content usg_post_content_1\"><p>O Afro Lab \u00e9 um projeto de forma\u00e7\u00e3o, assessoria continuada\u00a0e fortalecimento institucional de coletivos culturais negros em Minas Gerais.<\/p>\n<\/div><a class=\"w-btn us-btn-style_2 porftolio-button usg_btn_1 portfolio-button\" href=\"https:\/\/aic.org.br\/aiclab\/projetos\/afrolab-fortalecimento-de-coletivos-culturais-negros\/\"><span class=\"w-btn-label\">saiba mais<\/span><\/a><\/div>\t\t<\/div>\r\n\t<\/article>\r\n\t<article class=\"w-grid-item us_animate_afb post-7465 us_portfolio type-us_portfolio status-publish has-post-thumbnail hentry us_portfolio_category-projetos-recentes\" data-id=\"7465\" style=\"animation-delay:0.1s\">\r\n\t\t<div class=\"w-grid-item-h\">\r\n\t\t\t\t\t\t<div class=\"w-post-elm post_image usg_post_image_1 has_ratio\"><div style=\"padding-bottom:100%\"><\/div><a href=\"https:\/\/aic.org.br\/aiclab\/projetos\/cultiva-laboratorio-de-projetos-culturais\/\" aria-label=\"Cultiva: Laborat\u00f3rio de Projetos Culturais\"><img loading=\"lazy\" decoding=\"async\" width=\"540\" height=\"540\" src=\"https:\/\/aic.org.br\/aiclab\/wp-content\/uploads\/2025\/06\/Laboratorio-de-Projetos-Culturais-2.png\" class=\"attachment-full size-full wp-post-image\" alt=\"Logo do Projeto cultiva: Laborat\u00f3rio de Projetos Culturais\" srcset=\"https:\/\/aic.org.br\/aiclab\/wp-content\/uploads\/2025\/06\/Laboratorio-de-Projetos-Culturais-2.png 540w, https:\/\/aic.org.br\/aiclab\/wp-content\/uploads\/2025\/06\/Laboratorio-de-Projetos-Culturais-2-300x300.png 300w, https:\/\/aic.org.br\/aiclab\/wp-content\/uploads\/2025\/06\/Laboratorio-de-Projetos-Culturais-2-150x150.png 150w\" sizes=\"auto, (max-width: 540px) 100vw, 540px\" \/><\/a><\/div><div class=\"w-vwrapper usg_vwrapper_1 align_left valign_top\"><h2 class=\"w-post-elm post_title usg_post_title_1 entry-title color_link_inherit\"><a href=\"https:\/\/aic.org.br\/aiclab\/projetos\/cultiva-laboratorio-de-projetos-culturais\/\">Cultiva: Laborat\u00f3rio de Projetos Culturais<\/a><\/h2><div class=\"w-post-elm post_content usg_post_content_1\"><p>Processo formativo direcionado a grupos, coletivos e gestores de organiza\u00e7\u00f5es culturais de Minas Gerais, para que atuem com maior autonomia na escrita, elabora\u00e7\u00e3o, submiss\u00e3o, prospec\u00e7\u00e3o e presta\u00e7\u00e3o de contas de projetos culturais, desenvolvidos a partir de suas atua\u00e7\u00f5es no territ\u00f3rio, fortalecendo assim sua sustentabilidade e a difus\u00e3o do patrim\u00f4nio cultural.<\/p>\n<\/div><a class=\"w-btn us-btn-style_2 porftolio-button usg_btn_1 portfolio-button\" href=\"https:\/\/aic.org.br\/aiclab\/projetos\/cultiva-laboratorio-de-projetos-culturais\/\"><span class=\"w-btn-label\">saiba mais<\/span><\/a><\/div>\t\t<\/div>\r\n\t<\/article>\r\n\t<article class=\"w-grid-item us_animate_afb post-117 us_portfolio type-us_portfolio status-publish has-post-thumbnail hentry us_portfolio_category-projetos-recentes\" data-id=\"117\" style=\"animation-delay:0.2s\">\r\n\t\t<div class=\"w-grid-item-h\">\r\n\t\t\t\t\t\t<div class=\"w-post-elm post_image usg_post_image_1 has_ratio\"><div style=\"padding-bottom:100%\"><\/div><a href=\"https:\/\/aic.org.br\/aiclab\/projetos\/periferia-viva-mulher\/\" aria-label=\"Periferia Viva Mulher\"><img loading=\"lazy\" decoding=\"async\" width=\"1080\" height=\"1081\" src=\"https:\/\/aic.org.br\/aiclab\/wp-content\/uploads\/2023\/08\/periferia-viva-mulher.jpg\" class=\"attachment-full size-full wp-post-image\" alt=\"\" srcset=\"https:\/\/aic.org.br\/aiclab\/wp-content\/uploads\/2023\/08\/periferia-viva-mulher.jpg 1080w, https:\/\/aic.org.br\/aiclab\/wp-content\/uploads\/2023\/08\/periferia-viva-mulher-300x300.jpg 300w, https:\/\/aic.org.br\/aiclab\/wp-content\/uploads\/2023\/08\/periferia-viva-mulher-1024x1024.jpg 1024w, https:\/\/aic.org.br\/aiclab\/wp-content\/uploads\/2023\/08\/periferia-viva-mulher-150x150.jpg 150w, https:\/\/aic.org.br\/aiclab\/wp-content\/uploads\/2023\/08\/periferia-viva-mulher-600x601.jpg 600w, https:\/\/aic.org.br\/aiclab\/wp-content\/uploads\/2023\/08\/periferia-viva-mulher-768x769.jpg 768w\" sizes=\"auto, (max-width: 1080px) 100vw, 1080px\" \/><\/a><\/div><div class=\"w-vwrapper usg_vwrapper_1 align_left valign_top\"><h2 class=\"w-post-elm post_title usg_post_title_1 entry-title color_link_inherit\"><a href=\"https:\/\/aic.org.br\/aiclab\/projetos\/periferia-viva-mulher\/\">Periferia Viva Mulher<\/a><\/h2><div class=\"w-post-elm post_content usg_post_content_1\"><p>Aqui a gente atua desenvolvendo a\u00e7\u00f5es de fortalecimento de iniciativas e microneg\u00f3cios liderados por mulheres em MG em diferentes frentes: forma\u00e7\u00e3o em empreendedorismo e comunica\u00e7\u00e3o, cria\u00e7\u00e3o de campanhas educativas sobre direito das mulheres, eventos de trocas e compartilhamentos, forma\u00e7\u00e3o em elabora\u00e7\u00e3o de projetos.<\/p>\n<\/div><a class=\"w-btn us-btn-style_2 porftolio-button usg_btn_1 portfolio-button\" href=\"https:\/\/aic.org.br\/aiclab\/projetos\/periferia-viva-mulher\/\"><span class=\"w-btn-label\">saiba mais<\/span><\/a><\/div>\t\t<\/div>\r\n\t<\/article>\r\n\t<article class=\"w-grid-item us_animate_afb post-119 us_portfolio type-us_portfolio status-publish has-post-thumbnail hentry us_portfolio_category-projetos-recentes\" data-id=\"119\" style=\"animation-delay:0.3s\">\r\n\t\t<div class=\"w-grid-item-h\">\r\n\t\t\t\t\t\t<div class=\"w-post-elm post_image usg_post_image_1 has_ratio\"><div style=\"padding-bottom:100%\"><\/div><a href=\"https:\/\/aic.org.br\/aiclab\/projetos\/guia-do-design-colaborativo\/\" aria-label=\"Guia do Design Colaborativo\"><img loading=\"lazy\" decoding=\"async\" width=\"1080\" height=\"1081\" src=\"https:\/\/aic.org.br\/aiclab\/wp-content\/uploads\/2023\/08\/bora.jpg\" class=\"attachment-full size-full wp-post-image\" alt=\"\" srcset=\"https:\/\/aic.org.br\/aiclab\/wp-content\/uploads\/2023\/08\/bora.jpg 1080w, https:\/\/aic.org.br\/aiclab\/wp-content\/uploads\/2023\/08\/bora-300x300.jpg 300w, https:\/\/aic.org.br\/aiclab\/wp-content\/uploads\/2023\/08\/bora-1024x1024.jpg 1024w, https:\/\/aic.org.br\/aiclab\/wp-content\/uploads\/2023\/08\/bora-150x150.jpg 150w, https:\/\/aic.org.br\/aiclab\/wp-content\/uploads\/2023\/08\/bora-600x601.jpg 600w, https:\/\/aic.org.br\/aiclab\/wp-content\/uploads\/2023\/08\/bora-768x769.jpg 768w\" sizes=\"auto, (max-width: 1080px) 100vw, 1080px\" \/><\/a><\/div><div class=\"w-vwrapper usg_vwrapper_1 align_left valign_top\"><h2 class=\"w-post-elm post_title usg_post_title_1 entry-title color_link_inherit\"><a href=\"https:\/\/aic.org.br\/aiclab\/projetos\/guia-do-design-colaborativo\/\">Guia do Design Colaborativo<\/a><\/h2><div class=\"w-post-elm post_content usg_post_content_1\"><p>Nesse projeto, a gente reuniu v\u00e1rias metodologias aplicadas pela AIC durante a cria\u00e7\u00e3o de identidades visuais colaborativas com grupos e iniciativas sociais. Nasceu ent\u00e3o o Bora! &#8211; Jogo do Design Colaborativo, uma ferramenta que j\u00e1 virou fiel companheira de quem adora criar junto!<\/p>\n<\/div><a class=\"w-btn us-btn-style_2 porftolio-button usg_btn_1 portfolio-button\" href=\"https:\/\/aic.org.br\/aiclab\/projetos\/guia-do-design-colaborativo\/\"><span class=\"w-btn-label\">saiba mais<\/span><\/a><\/div>\t\t<\/div>\r\n\t<\/article>\r\n<\/div><div class=\"w-grid-preloader\"><div class=\"g-preloader type_1\">\r\n\t<div><\/div>\r\n<\/div>\r\n<\/div>\t<div class=\"w-grid-json hidden\" onclick='return {&quot;action&quot;:&quot;us_ajax_grid&quot;,&quot;ajax_url&quot;:&quot;https:\\\/\\\/aic.org.br\\\/aiclab\\\/wp-admin\\\/admin-ajax.php&quot;,&quot;infinite_scroll&quot;:0,&quot;max_num_pages&quot;:1,&quot;pagination&quot;:&quot;none&quot;,&quot;permalink_url&quot;:&quot;https:\\\/\\\/aic.org.br\\\/aiclab\\\/wp-json\\\/wp\\\/v2\\\/pages\\\/128&quot;,&quot;template_vars&quot;:{&quot;columns&quot;:&quot;3&quot;,&quot;exclude_items&quot;:&quot;none&quot;,&quot;img_size&quot;:&quot;default&quot;,&quot;ignore_items_size&quot;:0,&quot;items_layout&quot;:&quot;274&quot;,&quot;items_offset&quot;:&quot;1&quot;,&quot;load_animation&quot;:&quot;afb&quot;,&quot;overriding_link&quot;:&quot;%7B%22url%22%3A%22%22%7D&quot;,&quot;post_id&quot;:0,&quot;query_args&quot;:{&quot;post_type&quot;:[&quot;us_portfolio&quot;],&quot;tax_query&quot;:[{&quot;taxonomy&quot;:&quot;us_portfolio_category&quot;,&quot;field&quot;:&quot;slug&quot;,&quot;terms&quot;:[&quot;projetos-recentes&quot;]}],&quot;post_status&quot;:[&quot;publish&quot;,&quot;acf-disabled&quot;],&quot;posts_per_page&quot;:&quot;4&quot;},&quot;orderby_query_args&quot;:{&quot;orderby&quot;:{&quot;date&quot;:&quot;DESC&quot;}},&quot;type&quot;:&quot;grid&quot;,&quot;us_grid_ajax_index&quot;:1,&quot;us_grid_filter_params&quot;:null,&quot;us_grid_index&quot;:1,&quot;_us_grid_post_type&quot;:&quot;us_portfolio&quot;,&quot;page_args&quot;:[]}}'><\/div>\r\n\t<\/div><\/div><\/div><\/div><div class=\"vc_col-sm-2 wpb_column vc_column_container\"><div class=\"vc_column-inner\"><div class=\"wpb_wrapper\"><\/div><\/div><\/div><\/div><div class=\"w-separator size_small\"><\/div><\/div><\/div><\/div><\/div><\/div><\/section><section class=\"l-section wpb_row height_large\"><div class=\"l-section-h i-cf\"><div class=\"g-cols vc_row via_flex valign_top type_default stacking_default\"><div class=\"vc_col-sm-12 wpb_column vc_column_container\"><div class=\"vc_column-inner\"><div class=\"wpb_wrapper\"><div class=\"wpb_text_column us_custom_69594187 rotate us_animate_this\"><div class=\"wpb_wrapper\"><h2>Projetos finalizados<\/h2>\n<\/div><\/div><div class=\"w-separator size_small\"><\/div><div class=\"w-grid type_grid layout_631 portfolio-grid-2 cols_2 with_css_animation\" id=\"us_grid_2\" style=\"--gap:20px;\" data-filterable=\"true\"><style>@media (max-width:600px){#us_grid_2 .w-grid-list{margin:0}#us_grid_2 .w-grid-item{width:100%;padding:0;margin-bottom:var(--gap,0px)}}.layout_631 .w-grid-item-h{color:var(--color-content-text)}.layout_631 .usg_vwrapper_1{transition-duration:0.3s;transform-origin:50% 50%;transform:scale(1) translate(0%,10px)}.layout_631 .w-grid-item-h:hover .usg_vwrapper_1{transform:scale(1) translate(0%,0px);opacity:1}.layout_631 .usg_vwrapper_1{background:var(--color-content-bg-alt)!important;padding:35px 40px 35px 60px!important}.layout_631 .usg_post_title_1{font-size:30px!important;line-height:1.4!important;margin-bottom:5px!important}@media (min-width:1025px) and (max-width:1280px){.layout_631 .usg_vwrapper_1{padding:35px 35px 35px 55px!important}}@media (min-width:601px) and (max-width:1024px){.layout_631 .usg_vwrapper_1{padding:35px 30px 35px 50px!important}}@media (max-width:600px){.layout_631 .usg_vwrapper_1{padding:35px 30px 35px 45px!important}.layout_631 .usg_btn_1{font-size:18px!important}}<\/style><div class=\"w-grid-list\">\t<article class=\"w-grid-item us_animate_afb post-7287 us_portfolio type-us_portfolio status-publish has-post-thumbnail hentry us_portfolio_category-projetos-ate-aqui\" data-id=\"7287\" style=\"animation-delay:0s\">\r\n\t\t<div class=\"w-grid-item-h\">\r\n\t\t\t\t\t\t<div class=\"w-vwrapper usg_vwrapper_1 align_left valign_top\"><h2 class=\"w-post-elm post_title usg_post_title_1 entry-title color_link_inherit\"><a href=\"https:\/\/aic.org.br\/aiclab\/projetos\/memoria-das-comunidades-2\/\">Mem\u00f3ria das Comunidades<\/a><\/h2><div class=\"w-post-elm post_content usg_post_content_1\"><p>O projeto visa fomentar, fortalecer e difundir a mem\u00f3ria e as identidades de grupos e entidades culturais, pertencentes a comunidades dos estados de Minas Gerais e do Rio de Janeiro, a partir de a\u00e7\u00f5es formativas colaborativas com foco em Comunica\u00e7\u00e3o, Sustentabilidade e Patrim\u00f4nio.<\/p>\n<\/div><a class=\"w-btn us-btn-style_4 porftolio-button usg_btn_1 portfolio-button\" href=\"https:\/\/aic.org.br\/aiclab\/projetos\/memoria-das-comunidades-2\/\"><span class=\"w-btn-label\">saiba mais<\/span><\/a><\/div>\t\t<\/div>\r\n\t<\/article>\r\n\t<article class=\"w-grid-item us_animate_afb post-99 us_portfolio type-us_portfolio status-publish has-post-thumbnail hentry us_portfolio_category-projetos-ate-aqui\" data-id=\"99\" style=\"animation-delay:0.1s\">\r\n\t\t<div class=\"w-grid-item-h\">\r\n\t\t\t\t\t\t<div class=\"w-vwrapper usg_vwrapper_1 align_left valign_top\"><h2 class=\"w-post-elm post_title usg_post_title_1 entry-title color_link_inherit\"><a href=\"https:\/\/aic.org.br\/aiclab\/projetos\/um-salve-para-nos\/\">Um Salve Para N\u00f3s<\/a><\/h2><div class=\"w-post-elm post_content usg_post_content_1\"><p>Junto a 6 coletivos do Taquaril, Morro das Pedras e do Aglomerado da Serra, estamos   produzindo pe\u00e7as gr\u00e1ficas e audiovisuais para falar de patrim\u00f4nios imateriais das 3 comunidades. Ah, e essa hist\u00f3ria tamb\u00e9m vai parar dentro de escolas!<\/p>\n<\/div><a class=\"w-btn us-btn-style_4 porftolio-button usg_btn_1 portfolio-button\" href=\"https:\/\/aic.org.br\/aiclab\/projetos\/um-salve-para-nos\/\"><span class=\"w-btn-label\">saiba mais<\/span><\/a><\/div>\t\t<\/div>\r\n\t<\/article>\r\n\t<article class=\"w-grid-item us_animate_afb post-641 us_portfolio type-us_portfolio status-publish hentry us_portfolio_category-projetos-ate-aqui\" data-id=\"641\" style=\"animation-delay:0.2s\">\r\n\t\t<div class=\"w-grid-item-h\">\r\n\t\t\t\t\t\t<div class=\"w-vwrapper usg_vwrapper_1 align_left valign_top\"><h2 class=\"w-post-elm post_title usg_post_title_1 entry-title color_link_inherit\"><a href=\"https:\/\/aic.org.br\/aiclab\/projetos\/2021-lei-aldir-blanc\/\">2021 \u2013 Lei Aldir Blanc<\/a><\/h2><div class=\"w-post-elm post_content usg_post_content_1\"><p>Com os recursos dessa lei, viabilizamos 9 microprojetos, desenvolvidos por outras entidades parceiras, realizamos um mapeamento que contemplou 24 iniciativas culturais, 45 grupos foram apoiados na mobiliza\u00e7\u00e3o de recursos, teve produ\u00e7\u00e3o de conte\u00fados comunicacionais, entre outras. <\/p>\n<\/div><a class=\"w-btn us-btn-style_4 porftolio-button usg_btn_1 portfolio-button\" href=\"https:\/\/aic.org.br\/aiclab\/projetos\/2021-lei-aldir-blanc\/\"><span class=\"w-btn-label\">saiba mais<\/span><\/a><\/div>\t\t<\/div>\r\n\t<\/article>\r\n<\/div><div class=\"w-grid-preloader\"><div class=\"g-preloader type_1\">\r\n\t<div><\/div>\r\n<\/div>\r\n<\/div>\t<div class=\"w-grid-json hidden\" onclick='return {&quot;action&quot;:&quot;us_ajax_grid&quot;,&quot;ajax_url&quot;:&quot;https:\\\/\\\/aic.org.br\\\/aiclab\\\/wp-admin\\\/admin-ajax.php&quot;,&quot;infinite_scroll&quot;:0,&quot;max_num_pages&quot;:1,&quot;pagination&quot;:&quot;none&quot;,&quot;permalink_url&quot;:&quot;https:\\\/\\\/aic.org.br\\\/aiclab\\\/wp-json\\\/wp\\\/v2\\\/pages\\\/128&quot;,&quot;template_vars&quot;:{&quot;columns&quot;:&quot;2&quot;,&quot;exclude_items&quot;:&quot;none&quot;,&quot;img_size&quot;:&quot;default&quot;,&quot;ignore_items_size&quot;:0,&quot;items_layout&quot;:&quot;631&quot;,&quot;items_offset&quot;:&quot;1&quot;,&quot;load_animation&quot;:&quot;afb&quot;,&quot;overriding_link&quot;:&quot;%7B%22url%22%3A%22%22%7D&quot;,&quot;post_id&quot;:0,&quot;query_args&quot;:{&quot;post_type&quot;:[&quot;us_portfolio&quot;],&quot;tax_query&quot;:[{&quot;taxonomy&quot;:&quot;us_portfolio_category&quot;,&quot;field&quot;:&quot;slug&quot;,&quot;terms&quot;:[&quot;projetos-ate-aqui&quot;]}],&quot;post_status&quot;:[&quot;publish&quot;,&quot;acf-disabled&quot;],&quot;posts_per_page&quot;:999},&quot;orderby_query_args&quot;:{&quot;orderby&quot;:{&quot;date&quot;:&quot;DESC&quot;}},&quot;type&quot;:&quot;grid&quot;,&quot;us_grid_ajax_index&quot;:2,&quot;us_grid_filter_params&quot;:null,&quot;us_grid_index&quot;:2,&quot;_us_grid_post_type&quot;:&quot;us_portfolio&quot;,&quot;page_args&quot;:[]}}'><\/div>\r\n\t<\/div><\/div><\/div><\/div><\/div><\/div><\/section>\n","protected":false},"excerpt":{"rendered":"Com os recursos dessa lei, viabilizamos 9 microprojetos, desenvolvidos por outras entidades parceiras, realizamos um mapeamento que contemplou 24 iniciativas culturais, 45 grupos foram apoiados na mobiliza\u00e7\u00e3o de recursos, teve produ\u00e7\u00e3o de conte\u00fados comunicacionais, entre outras. Tamb\u00e9m foram disponibilizadas, gratuitamente, oficinas sobre presta\u00e7\u00e3o de contas e redes sociais, na s\u00e9rie Periferia Viva Na Tora!.","protected":false},"author":3,"featured_media":0,"parent":0,"menu_order":0,"comment_status":"closed","ping_status":"closed","template":"","meta":{"_acf_changed":false,"footnotes":""},"class_list":["post-128","page","type-page","status-publish","hentry"],"acf":[],"_links":{"self":[{"href":"https:\/\/aic.org.br\/aiclab\/wp-json\/wp\/v2\/pages\/128","targetHints":{"allow":["GET"]}}],"collection":[{"href":"https:\/\/aic.org.br\/aiclab\/wp-json\/wp\/v2\/pages"}],"about":[{"href":"https:\/\/aic.org.br\/aiclab\/wp-json\/wp\/v2\/types\/page"}],"author":[{"embeddable":true,"href":"https:\/\/aic.org.br\/aiclab\/wp-json\/wp\/v2\/users\/3"}],"replies":[{"embeddable":true,"href":"https:\/\/aic.org.br\/aiclab\/wp-json\/wp\/v2\/comments?post=128"}],"version-history":[{"count":72,"href":"https:\/\/aic.org.br\/aiclab\/wp-json\/wp\/v2\/pages\/128\/revisions"}],"predecessor-version":[{"id":7325,"href":"https:\/\/aic.org.br\/aiclab\/wp-json\/wp\/v2\/pages\/128\/revisions\/7325"}],"wp:attachment":[{"href":"https:\/\/aic.org.br\/aiclab\/wp-json\/wp\/v2\/media?parent=128"}],"curies":[{"name":"wp","href":"https:\/\/api.w.org\/{rel}","templated":true}]}}